t(o) = -19*o**2 - 4*o - 4. Let a(s) = y*w(s) + 2*t(s). What is a(-1)?
7
Let v(c) = c**2 - 10*c + 22. Suppose 1398*f = -j + 1399*f + 4, 5*f = 4*j - 11. What is v(j)?
13
Suppose -4*a = 2*z - 4, 5*z + a - 1 = 9. Let m(t) = z + t + 5 - 8 + 1 - 3. Calculate m(6).
3
Let r(f) = 89*f + 633. Let k be r(-7). Let a(g) = -g + 15. Determine a(k).
5
Let w(x) = -x**2 - 9*x - 15. Let y(t) = -t**2 - 43*t - 437. Let l be y(-27). Calculate w(l).
5
Let g(v) = 6*v + 127. Let o be g(-18). Suppose -4*t = -3*k - 7, -5*k + o = t - 0. Let r(m) = 3*m**2 - 15*m + 6. Give r(t).
-6
Suppose t = -2 - 1. Let d(m) be the first derivative of -m**4/4 - m**3 + m**2/2 + 4*m - 15899. Determine d(t).
1
Let v(j) = 4 + 10 - 4 - j - 4 - 5. Suppose 0 = 4*o - h + 3, 3 + 3 = o + 2*h. Let l = -3 + o. Give v(l).
4
Let l(z) be the first derivative of z**3/3 + 7*z**2/2 + z + 1558. Suppose 0*g = -4*g - 24. What is l(g)?
-5
Let b(y) = -7*y + 3*y**3 + 0*y**2 - 7*y**2 - 4*y**3 + 3. Let r be 5236/(-850) + 132/825. Calculate b(r).
9
Let u(s) = -75*s**2 - 106*s - 244. Let a(q) = 16*q**2 + 21*q + 49. Let z(p) = -14*a(p) - 3*u(p). What is z(-22)?
2
Let o(l) = l**2 + 2*l. Let u be -3*6/9 - -12. Let x(h) = -2*h**3 + 96*h**2 + h - 46. Let r be x(48). Suppose r = -11*v + u*v. What is o(v)?
0
Let l = 143 - 141. Let z(a) = a**3 - 11*a**2 - a - 10. Let h(n) = -n**2 - 1. Let s(f) = l*h(f) + z(f). Determine s(13).
-25
Let z(i) = 123*i + 227 - 30*i - 51*i - 26*i + 484. Give z(-44).
7
Let w(r) = 3*r - 24. Let y = 238 - 231. Calculate w(y).
-3
Let d(u) = -u**2 - 8*u. Let h be (5 + (-22)/4)*-6. Suppose -h*j + 3*p = 21, -5*j - p - 4*p - 35 = 0. Calculate d(j).
7
Let u(h) = 4*h - 5*h + 2*h. Let o(i) = -6*i + 17. Let x(z) = z + 8. Let a(g) = o(g) - x(g). Let p(r) = -a(r) - 5*u(r). Determine p(7).
5
Suppose -b - 29 = -32. Let q(i) = i**3 - 4*i**2 + 2*i + 10. Let k be q(b). Let a(v) = -v**2 + 5*v + 10. Give a(k).
-4
Let r(a) be the first derivative of a**4/4 + 3*a**3 + 19*a**2/2 + 10*a - 2844. What is r(-8)?
-78
Let f(x) = 5 - 4*x + 16 + 2*x. Suppose -21*o = 666707 - 666917. Give f(o).
1
Let u(p) = 5*p**2 + 40*p + 16. Let w(l) = -6*l**2 - 48*l - 20. Let a(k) = 7*u(k) + 6*w(k). Let h(i) = i**2 + 6*i - 1. Let j be h(-5). Calculate a(j).
4
Let a(v) = 5*v**2 + 38*v + 24. Suppose -13*b - 242 = 5*b - 116. Give a(b).
3
Let w(y) = -64 - 5 + 12*y - 6*y + 24. Determine w(10).
15
Let a(o) = -o. Let t(d) = -8*d + 8. Let z(b) = -5*a(b) + t(b). Let u be z(4). Let f(s) = 7 - 6 + 4 - s - 6. Calculate f(u).
3
Suppose 2*a - 3*s = 97, 4*a - 4*s = -43 + 239. Let f = a + -48. Suppose f*b = -4*q - b + 6, 5*b = 10. Let r(n) = n**3 - n**2 + n - 21. Calculate r(q).
-21
Let l(y) = -5*y - 1 + 0*y**3 + 5*y**2 + y**3 + 5. Suppose 0 = -4*c + 9*c - 250. Suppose 2*v = 3*z + 24, 4*z - 4*v + c = 14. Determine l(z).
-2
Suppose -5*v - 4*u = 13, 4*v - 22*u - 5 = -23*u. Let f(q) be the third derivative of 0*q + 1/12*q**4 + 0 + 29*q**2 - 4/3*q**v. Give f(7).
6
Let l be (-2 + 0)/((-95)/(-380)). Let w(v) = -2*v**2 - v + 19. Let g be (-75)/7 + 6/(-21). Let s(j) = j**2 - 10. Let r(h) = g*s(h) - 6*w(h). Give r(l).
12
Let u(h) = -13 + 17*h**2 + 21*h**2 + 20*h - 71*h**2 + 14*h**2 + 17*h**2. Give u(11).
-35
Let u(s) = 5*s + 2. Suppose -3*g - 3 = -l - 13, -5*l - 2*g + 18 = 0. Let z be (-3 + l)/((-7)/(-14)). What is u(z)?
-8
Suppose 15*t - 6*t - 25*t - 16*t = 0. Let r(a) = a**3 - 3*a**2 + 2*a + 8. What is r(t)?
8
Let h(q) = 4*q - 8. Let r(o) = 4*o - 9. Let p(v) = 6*h(v) - 5*r(v). Let a(l) = -7*l + 6. Let g(c) = 3*a(c) + 5*p(c). Give g(9).
-6
Suppose 0 = -27*h - 22 + 1 - 33. Let k(g) = 12*g**3 + 2*g. Give k(h).
-100
Let g = -164328 + 164332. Suppose -3*f + 0*f = x - 7, x - f = 3. Let k(n) = -x*n - n**2 + 4 + 2*n**2 - 3. What is k(g)?
1
Let n(y) = 4*y**2 + 11 - 3 - 5*y**2 + 11*y. Let c = -219247 - -219258. Determine n(c).
8
Let p(i) be the first derivative of i**4 - 29*i**3/3 - 12*i**2 - 10*i + 305. Give p(8).
-10
Let y(j) = -j**3 - 4*j**2 + 7*j + 8. Suppose 4*v + 2*p + 18 = 0, -3*v + p = -0*p + 16. Let a be y(v). Let c(h) = -3*h + 6*h - 2*h - 11 + 9 + h. Give c(a).
-6
Let d be (-14)/(-35)*((-4 - -3) + -79). Let g(c) = -c**2 - 21*c + 346. Give g(d).
-6
Let p(c) = -7*c + 1 + 18 - 13*c - c**2 + 8*c. Calculate p(-13).
6
Let l(a) = -a**2 + 7*a + 3. Suppose 39 = 2*v - 79. Let m = 46 + v. Let z be ((-180)/m)/((-4)/14). Give l(z).
9
Let f(w) = -4*w + 3. Let u(y) = y**3 + 6*y**2 + 5*y + 3. Let v be u(-3). Let s = v - 15. Let d(k) = -3*k + 3. Let n be d(s). What is f(n)?
-9
Let l(v) be the third derivative of 0*v**3 - 68*v**2 + 0*v - 1/30*v**5 + 1/12*v**4 + 0. Calculate l(2).
-4
Let i be 24/36*9/2. Let q(x) = 4*x - 14*x + x**i + 0 - 5 + 4*x + 4*x**2. Determine q(-5).
0
Let c(y) be the first derivative of -5*y + 1 - 1/2*y**2 - 1/3*y**3 - 1/4*y**4. Suppose 60 = -4*p - 5*v, -2*v + 479 = p + 503. Calculate c(p).
-5
Let u(r) = -24 + 54 - 3*r - 25 + 4*r. Suppose 5*p = 120 + 20. Suppose -s - p = 3*s. What is u(s)?
-2
Let w be (-24)/(-10)*(6 - 1). Let g(j) = -2180*j - 197. Let v(p) = 1377*p + 123. Let c(h) = 12*g(h) + 19*v(h). Give c(w).
9
Let t(v) = -v**2 + 3*v - 4. Suppose -3*a + 3*h - 15 = 45, -12 = a - 3*h. Let o be (2/3)/((-4)/a). Suppose -z = -4*b - 19, -o*z - z + 11 = b. Calculate t(z).
-4
Let q = 112 - 30. Suppose 0 = 2*r - 0*r - q. Let d = r + -34. Let z(t) = -t + 8. Give z(d).
1
Let j(l) be the third derivative of 35*l**4/24 - 11*l**3/6 + 70*l**2 - 8. Determine j(1).
24
Let x(a) = -17*a**2 - 929*a - 50. Let d(p) = 12*p**2 + 665*p + 34. Let v(k) = -7*d(k) - 5*x(k). Suppose 0*c = 5*c - 40. Give v(c).
-4
Let s(i) = 7*i**2 + 31*i - 209. Let o(n) = -3*n**2 - 15*n + 105. Let k(v) = -5*o(v) - 2*s(v). Let g be k(6). Let m(b) = -b**3 + 7*b**2 + b - 1. Determine m(g).
6
Let k(a) be the first derivative of a**5/60 + a**4/3 + 5*a**3/3 + 7*a**2/2 + 3*a - 71. Let p(s) be the second derivative of k(s). What is p(-8)?
10
Let i = -69 + 77. Let u(f) = i - 2 + f + 0*f - 2. Suppose -5*g - 3*r = 31, 0 = -g - r - r - 9. Calculate u(g).
-1
Let q(j) be the third derivative of j**4/8 + 17*j**3/6 + j**2 - 307. Calculate q(-8).
-7
Let i be 2/4*(-1 + 5). Let f(t) = -t**2 - 2*t - 2. Let m(q) = -3 + 4 - 2 - q**2 + 4. Let v(z) = -f(z) - m(z). Determine v(i).
11
Let g(l) be the first derivative of -5*l**2/2 + 49*l + 108. Give g(11).
-6
Let x(r) = -76*r**2 - 11 - 16*r**2 - 13*r - 21*r**2 + 114*r**2. Let i be -15*(-1 + 0) - 1. Determine x(i).
3
Let u(h) be the first derivative of -h**4/2 + 7*h**3/3 - h**2/2 + 5*h - 11255. Determine u(5).
-75
Let k(p) = -p**2 + 6*p + 8. Let u = -1397 - -1404. Determine k(u).
1
Let p(a) = -a**3 - 15*a**2 - 43*a - 1. Let s be p(-9). Let o be 20/s - 138/10*1. Let t(y) = y**2 + 15*y + 12. Give t(o).
-2
Let a(z) be the first derivative of -4*z**2 - 229*z + 3756. What is a(-29)?
3
Let z = 24290 + -24295. Let b(n) = -2*n**3 - 9*n**2 - 5*n - 10. Calculate b(z).
40
Let a(w) be the first derivative of -3*w**3 - 4*w + 21. What is a(-2)?
-40
Let h(w) = -4*w + 16. Let t(g) = 27*g - 993. Let a be t(37). Calculate h(a).
-8
Let p(o) = o**3 + 6*o**2 - 3*o - 5. Let f(i) = i**3 - 18*i**2 + 32*i - 12. Let t be f(16). Let h(s) = -s**3 - 11*s**2 + 14*s + 18. Let x be h(t). Give p(x).
13
Let x(t) = -2 + 1 + t - 21*t**2 + 0. Let y = -103777 + 103778. Calculate x(y).
-21
Let m be (-8)/((-1288)/115)*7. Let d(u) = -10*u - 1. Let c(p) = 24*p + 3 - 5*p - 2. Let b(o) = 6*c(o) + 11*d(o). Calculate b(m).
15
Let o(t) be the second derivative of -7*t**3/6 + 15*t**2/2 - 9*t - 50. Calculate o(5).
-20
Let t(s) = -2*s**2 + 11*s + 57. Let b be t(8). Let a(f) = -10 - 2*f**2 + 5 + f**2 + 3*f - b*f + 8. Calculate a(-13).
16
Let d(u) = u**2 - 8*u + 55. Let q(h) = -60*h - 50. Let w be q(-1). Give d(w).
75
Suppose 0 = -4*v + 42 - 26. Suppose 4*z - c - 33 = -0*z, -5*c = v*z - 3. Let m(g) = g - 12. What is m(z)?
-5
Let k(j) be the first derivative of -j**2/2 - 4*j + 494. Let w be 39/12*1/(4/(-16)). Calculate k(w).
9
Let j(m) = m**2 - 28*m + 55. Let t be j(26). Suppose t*c + 270 = 249. Let q(y) = -y**3 - 7*y**2 + 5*y + 7. What is q(c)?
-28
Let m(a) = a**3 + 8*a**2 + 9*a + 11. Let b be m(-6). Suppose -35*t = -b*t + 36. Let l(z) = -z**2 - 6*z - 6. Give l(t).
-6
Let q = -40 + 48. Let d be (7 - (q - 0))*3. Let x(t) = -3*t + 3. Give x(d).
12
Let h(f) = -13*f - 1. Suppose -z = q - 19 + 5, 2*z - 5*q = 56. Suppose 26 - z = 4*k